14?
99c26
Convert 34306 (base 13) to base 2.
10111001100001000
What is 6216208 (base 9) in base 3?
20020120020022
3404040 (base 5) to base 16
e9f7
3173794 (base 12) to base 16
8ecba0
-12421423 (base 5) to base 8
-360743
1110011101100100 (base 2) to base 14
17832
3175156 (base 10) to base 2
1100000111001011110100
Convert -151104232 (base 6) to base 14.
-5b8540
Convert -375764 (base 8) to base 3.
-20121101011
What is 114400263 (base 7) in base 5?
3311020221
What is 10551022 (base 6) in base 8?
1173626
What is -4124237 (base 8) in base 12?
-447967
What is -210051401 (base 6) in base 2?
-1101111010001000111001
Convert 12088486 (base 9) to base 6.
330315553
What is -126f8a (base 16) in base 5?
-302130302
Convert 146730 (base 8) to base 4.
30313120
Convert 452a (base 12) to base 4.
1313302
What is -100111011101111110100 (base 2) in base 7?
-13664361
Convert -d22 (base 15) to base 10.
-2957
Convert 93256 (base 10) to base 2.
10110110001001000
What is 4e166 (base 15) in base 8?
750327
-796 (base 15) to base 11
-1320
Convert 44390 (base 11) to base 14.
19646
c6328 (base 14) to base 10
478080
-235432 (base 12) to base 8
-2127446
3301003 (base 5) to base 15
11a88
11112420 (base 5) to base 2
10111111001000100
Convert -11221222101120 (base 3) to base 11.
-1541304
Convert -2157713 (base 10) to base 14.
-4024a5
What is -5651402 (base 7) in base 13?
-1b748a
Convert -17b97 (base 14) to base 15.
-12b43
20312553 (base 7) to base 13
477249
Convert -223431 (base 15) to base 9.
-3055361
What is 1201210012 (base 4) in base 8?
1414406
Convert 172224 (base 9) to base 13.
396b5
119ee (base 15) to base 10
56249
111001000100110110000 (base 2) to base 14
36981a
What is -9ad29 (base 14) in base 2?
-1011011101111011001
Convert 85b044 (base 14) to base 4.
101100231310
What is 10111101000001001 (base 2) in base 16?
17a09
Convert -1141442111 (base 5) to base 2.
-1010010000000010110100
Convert 738169 (base 10) to base 5.
142110134
What is -8206a (base 12) in base 14?
-45a5c
Convert 60256245 (base 7) to base 6.
254533310
What is -23000231 (base 5) in base 6?
-4204411
What is -54dd52 (base 15) in base 2?
-1111011011110110101100
What is -56304 (base 9) in base 5?
-2144201
Convert -53543432 (base 6) to base 10.
-1584524
Convert -962b82 (base 13) to base 2.
-1101011011001110000010
What is 558002 (base 11) in base 7?
10362105
-78514 (base 11) to base 12
-559b7
Convert -cd61 (base 14) to base 11.
-24799
What is -2f92a2 (base 16) in base 10?
-3117730
Convert 875037 (base 12) to base 16.
20b8eb
Convert 1737d (base 14) to base 6.
1130003
What is -399610 (base 11) in base 16?
-993b6
Convert -208628 (base 11) to base 4.
-1101123002
1c25604 (base 14) to base 11
7a43967
Convert 100100110110100111100001 (base 2) to base 13.
200340c
What is 2308ce (base 15) in base 5?
412010434
What is 100212121222211 (base 3) in base 6?
304252334
Convert 8525 (base 12) to base 8.
34355
What is -205015 (base 11) in base 8?
-1202105
6261a2 (base 15) to base 11
2705823
Convert 129478 (base 11) to base 16.
31881
Convert 8344e (base 16) to base 2.
10000011010001001110
2640125 (base 8) to base 6
23445421
Convert -1011201122200221 (base 3) to base 6.
-1401222424
What is -426365 (base 7) in base 15?
-17022
What is -14114014 (base 7) in base 13?
-370561
Convert -1ebcb (base 15) to base 5.
-11204131
Convert -3cb6b (base 13) to base 14.
-2d787
Convert -1002311121 (base 4) to base 2.
-1000010110101011001
Convert 111022010102 (base 3) to base 4.
333322223
What is -26900 (base 14) in base 16?
-17354
What is -43b847 (base 16) in base 10?
-4438087
1522 (base 14) to base 5
110004
Convert 111121210001120 (base 3) to base 5.
3323122022
-14355322 (base 6) to base 14
-cd48a
-782181 (base 11) to base 12
-501a25
379792 (base 10) to base 2
1011100101110010000
Convert -36442044 (base 7) to base 8.
-14323471
What is -31213313101 (base 4) in base 15?
-4a81bd
-55715 (base 9) to base 14
-d6d1
Convert 1020241 (base 5) to base 6.
210242
Convert -1132210120 (base 4) to base 6.
-12145144
-25300 (base 6) to base 2
-111011000100
301442 (base 10) to base 15
5e4b2
-12241853 (base 9) to base 2
-10110110110110011000010
22001021100111 (base 3) to base 10
4276570
Convert 22378625 (base 9) to base 15.
e473c5
Convert -320311110 (base 4) to base 14.
-60b9a
What is 365d05 (base 14) in base 13?
501946
Convert 3249b4 (base 13) to base 16.
120711
What is 6a4b5 (base 12) in base 10?
142409
What is 108646 (base 12) in base 15?
53169
10212120010021 (base 3) to base 12
833007
-15083 (base 13) to base 12
-1ab45
2247203 (base 10) to base 5
1033402303
-1003102110132 (base 4) to base 11
-9a5822a
12021020011011 (base 3) to base 10
2799472
What is -11f08 (base 16) in base 15?
-16b8a
-330202123 (base 5) to base 15
-1cd90d
Convert 287744 (base 13) to base 11.
615082
Convert -7475348 (base 10) to base 13.
-17196aa
What is -1827045 (base 9) in base 4?
-3321202103
Convert -cb65 (base 13) to base 6.
-335014
Convert 1234341 (base 5) to base 10.
24346
What is 1032202 (base 4) in base 14?
1b90
55118 (base 14) to base 9
343538
-111011100010010000 (base 2) to base 4
-323202100
What is -5065656 (base 7) in base 9?
-1121440
Convert 10000011100111110 (base 2) to base 9.
112387
-2307771 (base 8) to base 6
-21233145
What is 3483529 (base 12) in base 16?
9a7f31
-1002112122120 (base 3) to base 12
-240613
What is 1230011202 (base 4) in base 7?
3522510
Convert -22c186 (base 13) to base 10.
-826351
What is 5464502 (base 10) in base 9?
11247788
-110100000111110001 (base 2) to base 9
-354760
-13a9205 (base 15) to base 9
-28651655
Convert 3314dd (base 15) to base 8.
11222663
What is 7017340 (base 8) in base 2?
111000001111011100000
What is 109b494 (base 12) in base 13?
87a04b
Convert 213132132001 (base 4) to base 15.
d962e7
194523 (base 11) to base 7
2353030
Convert -994980 (base 11) to base 14.
-2d4893
13123012 (base 4) to base 7
154435
What is 2030011302 (base 5) in base 9?
7712003
What is -4330325 (base 7) in base 12?
-215942
2101102000221 (base 3) to base 5
311032011
Convert -297d0b (base 14) to base 6.
-50533143
-2a385 (base 11) to base 15
-cb4d
204517 (base 10) to base 15
408e7
Convert 1100111000011010000 (base 2) to base 14.
adb7a
-1131220100 (base 4) to base 3
-201111001212
What is -11112 (base 11) in base 9?
-24075
-1222010022200 (base 3) to base 9
-1863280
d668 (base 14) to base 12
19464
What is 516b2a (base 13) in base 16?
1cfe47
10001110100011001 (base 2) to base 15
1695a
2b53d (base 15) to base 4
202010212
Convert -41d36e (base 15) to base 16.
-2fcd6b
Convert 21000100002 (base 3) to base 9.
230302
What is 13bb4 (base 16) in base 2?
10011101110110100
-207824 (base 10) to base 7
-1523621
Convert -14045 (base 7) to base 4.
-323132
Convert -375613 (base 8) to base 11.
-8968a
What is 471540 (base 8) in base 11?
aa738
What is -1011110100211 (base 3) in base 9?
-1143324
What is -1401111412 (base 5) in base 16?
-35f180
What is 48181a (base 15) in base 2?
1101001001101110010100
1b89ca (base 14) to base 13
28602c
Convert -116560 (base 9) to base 15.
-15d13
What is 294ae (base 16) in base 13?
5bca4
23015544 (base 6) to base 4
2223133120
What is 4878012 (base 11) in base 13?
19b2489
Convert -263a77 (base 11) to base 14.
-ab479
6b27a9 (base 12) to base 7
20445066
What is c8c70 (base 13) in base 15?
725bc
Convert -589ef (base 16) to base 7.
-3041166
Convert -327731 (base 9) to base 7.
-1444222
Convert 102001222020 (base 3) to base 13.
78285
What is 2530425 (base 6) in base 15?
2a57b
Convert b3392b (base 12) to base 8.
12550163
-143020 (base 7) to base 4
-12230332
-512504 (base 8) to base 4
-221111010
-10111011001010 (base 2) to base 4
-2323022
-410352 (base 8) to base 16
-210ea
What is -311525204 (base 6) in base 11?
-3064186
Convert -483453 (base 9) to base 15.
-5b463
-10135452 (base 6) to base 8
-1073770
What is -11245611 (base 9) in base 16?
-535b6d
Convert 25136 (base 11) to base 4.
20310001
9835 (base 13) to base 14
7a01
Convert 10100110101011101100 (base 2) to base 8.
2465354
-11002012001120 (base 3) to base 8
-10213761
11425201 (base 6) to base 8
1301741
-23071547 (base 8) to base 4
-103013031213
What is -5710500 (base 10) in base 2?
-10101110010001010100100
Convert 10000111000101010 (base 2) to base 8.
207052
What is -653fa (base 16) in base 2?
-1100101001111111010
Convert 4562